 what is -a74687 - 1?
-a74688
In base 2, what is 10010 - 11100010001010000?
-11100010000111110
In base 16, what is -40b52 - -2?
-40b50
In base 13, what is -125b173 - -3?
-125b170
In base 3, what is -21012210211201 + 2000?
-21012210202201
In base 7, what is 221544 - -3041?
224615
In base 3, what is -210011022 - -1200011121?
220000022
In base 14, what is -19551 + 154?
-193db
In base 7, what is 1025304 - -3331?
1031635
In base 6, what is 15351211 + -2?
15351205
In base 16, what is -175419 - -d?
-17540c
In base 9, what is 1148740 - 10?
1148730
In base 6, what is 15133130340 + -3?
15133130333
In base 4, what is 1200113120 + 10?
1200113130
In base 14, what is -3 + 380b58?
380b55
In base 5, what is 2 - -2213113011?
2213113013
In base 8, what is -114 + -4521020?
-4521134
In base 13, what is 155c34 + -c?
155c25
In base 13, what is -738295 - 24?
-7382b9
In base 8, what is 3671 - 5?
3664
In base 9, what is 30 + -240711?
-240671
In base 14, what is 0 - 1cb2b9?
-1cb2b9
In base 9, what is -52032 + -4088?
-56131
In base 14, what is -198 - -1b?
-17b
In base 10, what is 2477911 - -2?
2477913
In base 11, what is 96aa9 - -73?
97071
In base 13, what is 8c8 - -899?
1494
In base 16, what is -2ded - d?
-2dfa
In base 13, what is 1c + 34118?
34137
In base 11, what is 30 - -592833?
592863
In base 4, what is -10 + -201032001102?
-201032001112
In base 9, what is 616 + 18214?
18831
In base 15, what is 4 - -5090d81?
5090d85
In base 2, what is 101 + 10010100010010011001?
10010100010010011110
In base 3, what is -20001 - 1012021200?
-1012111201
In base 14, what is -296063 - -49?
-296018
In base 3, what is -200120 - 2111010020?
-2111210210
In base 14, what is -dd630 - 17?
-dd647
In base 3, what is -2212 - 1002120122211?
-1002120202200
In base 3, what is 1001 + -110000102020?
-110000101012
In base 15, what is 5dde - -3ed?
62dc
In base 14, what is 25 - 1755?
-1730
In base 14, what is -30 + -6601d2?
-660222
In base 8, what is -1606240 + 13?
-1606225
In base 16, what is -77f9a + -1e6?
-78180
In base 11, what is 5410 + -a78?
4443
In base 10, what is 127417 - 178?
127239
In base 13, what is 50 - -3b047?
3b097
In base 13, what is -9 - -1b01a93?
1b01a87
In base 2, what is -100 - -10001100100101100110001?
10001100100101100101101
In base 16, what is 37ae3 + -1d7?
3790c
In base 8, what is -1415 + -13647?
-15264
In base 13, what is 221 - 567b?
-545a
In base 10, what is 73 + 111495?
111568
In base 10, what is -41 - 806241?
-806282
In base 9, what is -61234865 + 1?
-61234864
In base 2, what is -100101111 + 100111000010110010000?
100111000010001100001
In base 4, what is 3101332331013 + -3?
3101332331010
In base 4, what is -313 + -101223223?
-101230202
In base 14, what is -3 + 37abac?
37aba9
In base 7, what is 6114 - -2246230?
2255344
In base 4, what is -2223223033 + 131?
-2223222302
In base 8, what is -27514 - 213?
-27727
In base 3, what is 10 - 21210112200110?
-21210112200100
In base 8, what is 17643 + 211?
20054
In base 9, what is -15 + 28312857?
28312842
In base 12, what is 788a12 + -160?
788872
In base 3, what is -1010201 - 112102?
-1200010
In base 5, what is 0 + 142130403?
142130403
In base 13, what is a - 70422?
-70415
In base 11, what is -101 + 4636a9?
4635a8
In base 3, what is 22011200020122 - -12?
22011200020211
In base 15, what is 6 + -c6da07?
-c6da01
In base 13, what is -7 - 59221c?
-592226
In base 13, what is -7 - 367c?
-3686
In base 4, what is -1203120110310 - 3?
-1203120110313
In base 2, what is -1110011001 - -1100111000100000001?
1100110110101101000
In base 3, what is 12 + 1011121122020112?
1011121122020201
In base 16, what is -8d - -2f539?
2f4ac
In base 7, what is 2212563232 - 2?
2212563230
In base 13, what is -5 + -ab7612?
-ab7617
In base 9, what is -7 + 536443?
536435
In base 13, what is 3b1 - 2ac3?
-2712
In base 15, what is -e78a + -320?
-eaaa
In base 5, what is -1 + 201243300344?
201243300343
In base 7, what is 25112431206 - 2?
25112431204
In base 4, what is -23203212120 - -21?
-23203212033
In base 3, what is -110220120 + -202100?
-111122220
In base 15, what is 3 + -eae1db5?
-eae1db2
In base 16, what is -a3cfc6 + a?
-a3cfbc
In base 12, what is 22 - 84360?
-8433a
In base 14, what is -6 - -4d5a19?
4d5a13
In base 14, what is 5 - 21bc7953?
-21bc794c
In base 3, what is -1200010001011 - -210?
-1200010000101
In base 13, what is 22173144 + 0?
22173144
In base 2, what is -1010101 + -11100110000101?
-11100111011010
In base 10, what is 5741 - -17904?
23645
In base 7, what is 13412210 + 5?
13412215
In base 5, what is 13410422111 + -14?
13410422042
In base 2, what is 10 + 10100101000001101001101?
10100101000001101001111
In base 15, what is -d338a - -398?
-d2ee2
In base 16, what is 871621 + -10?
871611
In base 4, what is -23321123122 + -1?
-23321123123
In base 15, what is 19bb7 - -79?
19c41
In base 15, what is 0 + -35eaa16?
-35eaa16
In base 14, what is 35605a92 + 1?
35605a93
In base 16, what is -5acbf - 7e?
-5ad3d
In base 6, what is 1005034251 - -112?
1005034403
In base 12, what is -126 - b7a?
-10a4
In base 14, what is -1acb - 5545?
-7232
In base 6, what is -25553014 - 15?
-25553033
In base 11, what is -116 + 8571?
8456
In base 10, what is 302665 - -314?
302979
In base 2, what is 1010 + -10001011111101111101?
-10001011111101110011
In base 11, what is -2255996 - 11?
-22559a7
In base 12, what is 1 + 1416038?
1416039
In base 14, what is 3075 + -b6a?
2309
In base 5, what is -34324314 + 132?
-34324132
In base 15, what is c1ad678 - 5?
c1ad673
In base 15, what is 2dc - 11a47?
-1175a
In base 8, what is -175210776 - 3?
-175211001
In base 6, what is 14 + -30550414?
-30550400
In base 10, what is 117816 + -421?
117395
In base 8, what is 12566234 - 2?
12566232
In base 6, what is 443215 + -21?
443154
In base 5, what is 21 + 114210133?
114210204
In base 2, what is -10000000110 + -100101011110101?
-100111011111011
In base 14, what is -46 - -72a3a?
729d4
In base 4, what is -301030012213 - -3?
-301030012210
In base 2, what is 110000110011 - 11111000111?
10001101100
In base 16, what is 351 + -3b67?
-3816
In base 15, what is -17 + 16bec8?
16beb1
In base 12, what is 16a + -14563a9?
-145623b
In base 8, what is -1435 + 20510?
17053
In base 9, what is 4252 + -47145?
-42783
In base 16, what is b1e7 + -28f5?
88f2
In base 13, what is -9 + -38a80cc?
-38a8108
In base 14, what is 322c + -7c?
3190
In base 3, what is 21012210012 + 2121?
21012212210
In base 10, what is 1309 + -7089?
-5780
In base 12, what is -4b6a8 - -b3?
-4b5b5
In base 16, what is -b4 - -2acab2?
2ac9fe
In base 6, what is 353 - -12022455?
12023252
In base 16, what is de - -71e5c?
71f3a
In base 13, what is -4 - -688c26?
688c22
In base 7, what is 3416024 + 336?
3416363
In base 8, what is 5 + -4473576?
-4473571
In base 3, what is 0 + 10011211211122010?
10011211211122010
In base 15, what is -1ea847 + 41?
-1ea806
In base 14, what is -87 - -869707?
869660
In base 14, what is -1d35c7 + -31?
-1d3618
In base 8, what is -14554 - -713321?
676545
In base 13, what is 7882c2b + 5?
7882c33
In base 3, what is -10100220 + 12211?
-10011002
In base 3, what is 12010102010 - 10100212?
12000001021
In base 12, what is -16781950 + -4?
-16781954
In base 4, what is -3330323 + -1030233?
-11021222
In base 9, what is -44 + 187844?
187800
In base 11, what is 4a127165 + 0?
4a127165
In base 15, what is 11 + 23050?
23061
In base 2, what is 101000101101110111100111110 + 1?
101000101101110111100111111
In base 5, what is 3 - -4004010034?
4004010042
In base 3, what is 11020 - 1012011110021?
-1012011022001
In base 2, what is -1000 - 10010011101011101?
-10010011101100101
In base 8, what is -102714236 + 0?
-102714236
In base 9, what is 5 - 20526137?
-20526132
In base 7, what is 1646150163 + -1?
1646150162
In base 14, what is c + 19d06?
19d14
In base 11, what is -1099 + -72777?
-73865
In base 4, what is -12032103330 - -2?
-12032103322
In base 10, what is 1721008 - -68?
1721076
In base 6, what is 4 - -224511014?
224511022
In base 15, what is -c3e + -155d?
-229c
In base 8, what is 1410777 - -133?
1411132
In base 7, what is -66 - -156350052?
156346653
In base 8, what is -43 - -11765623?
11765560
In base 5, what is -1003422014 - -404?
-1003421110
In base 8, what is -4020 + 133401?
127361
In base 13, what is -baa281 - 5?
-baa286
In base 16, what is 4b7b + -27?
4b54
In base 2, what is 1101101